factors of 589500181.
589500181
What are the prime factors of 81964459?
71, 173, 6673
List the prime factors of 29409576.
2, 3, 7, 31, 5647
What are the prime factors of 3827894398?
2, 41, 107, 293, 1489
List the prime factors of 55345434.
2, 3, 9224239
List the prime factors of 1171900847.
13, 90146219
List the prime factors of 164419004.
2, 41104751
What are the prime factors of 509608379?
7, 10400171
What are the prime factors of 475155164?
2, 11, 10798981
List the prime factors of 145867674.
2, 3, 19, 1279541
List the prime factors of 13987479.
3, 11, 31, 113
List the prime factors of 18265013.
13, 23, 37, 127
What are the prime factors of 3278813456?
2, 31, 6610511
List the prime factors of 2242097752.
2, 607, 461717
List the prime factors of 1667302370.
2, 5, 17, 67, 146383
What are the prime factors of 116221627?
116221627
List the prime factors of 240498511.
11, 23, 103, 839
List the prime factors of 148008894.
2, 3, 11, 203869
What are the prime factors of 938560322?
2, 7, 67040023
List the prime factors of 21350204.
2, 5337551
What are the prime factors of 7631379352?
2, 37, 25781687
What are the prime factors of 321322031?
321322031
List the prime factors of 5685168286.
2, 7, 67, 877, 6911
What are the prime factors of 235802687?
11117, 21211
What are the prime factors of 6027163?
17, 354539
List the prime factors of 91157297.
7, 11, 53, 3191
What are the prime factors of 626387326?
2, 19, 433, 38069
List the prime factors of 2411711973.
3, 11, 24360727
What are the prime factors of 180984667?
2137, 84691
List the prime factors of 89649923.
11, 19, 31, 101, 137
What are the prime factors of 37773120?
2, 3, 5, 7, 11, 73
List the prime factors of 4893464097.
3, 151, 400087
List the prime factors of 381349090.
2, 5, 137, 173, 1609
What are the prime factors of 20726733?
3, 739, 9349
What are the prime factors of 34699034?
2, 97, 383, 467
List the prime factors of 1372078408.
2, 71, 2415631
List the prime factors of 435584988.
2, 3, 29, 417227
What are the prime factors of 61697041?
7, 47, 277, 677
List the prime factors of 3639449451.
3, 11, 379, 290993
List the prime factors of 3303593.
17, 29, 6701
List the prime factors of 192549158.
2, 96274579
List the prime factors of 2301034195.
5, 23, 389, 51437
List the prime factors of 199517888.
2, 3117467
What are the prime factors of 33074217?
3, 11, 193, 577
What are the prime factors of 237063578?
2, 1069, 110881
List the prime factors of 490299318.
2, 3, 3026539
What are the prime factors of 25991822?
2, 71, 183041
What are the prime factors of 27303804?
2, 3, 11, 47, 163
What are the prime factors of 469627306?
2, 181, 1297313
What are the prime factors of 404279546?
2, 11, 29, 633667
What are the prime factors of 1665545551?
1665545551
List the prime factors of 456887880.
2, 3, 5, 461, 2753
What are the prime factors of 638635301?
5471, 116731
What are the prime factors of 86849858?
2, 467, 92987
List the prime factors of 140770004.
2, 35192501
What are the prime factors of 109276112?
2, 11, 620887
What are the prime factors of 53843103?
3, 37, 53897
List the prime factors of 455055317.
547, 831911
List the prime factors of 49803176.
2, 197, 31601
List the prime factors of 2210998383.
3, 11, 7444439
What are the prime factors of 1441172992?
2, 7, 151, 2663
List the prime factors of 63176909.
5167, 12227
List the prime factors of 146713002.
2, 3, 24452167
What are the prime factors of 721837060?
2, 5, 7, 23, 373, 601
List the prime factors of 55535622.
2, 3, 211, 43867
What are the prime factors of 1596625871?
6221, 256651
What are the prime factors of 4350826382?
2, 7, 310773313
What are the prime factors of 232245005?
5, 46449001
What are the prime factors of 5994043232?
2, 7703, 24317
What are the prime factors of 165270544?
2, 10329409
List the prime factors of 23542923.
3, 7847641
List the prime factors of 28768694.
2, 14384347
What are the prime factors of 54698106?
2, 3, 97, 93983
List the prime factors of 225499546.
2, 83, 179, 7589
What are the prime factors of 4131557894?
2, 2065778947
What are the prime factors of 7417387?
2609, 2843
What are the prime factors of 33598640?
2, 5, 457, 919
What are the prime factors of 164741056?
2, 83, 31013
What are the prime factors of 1037295791?
7, 23, 6442831
What are the prime factors of 16753512?
2, 3, 53, 13171
What are the prime factors of 80093666?
2, 229, 174877
List the prime factors of 91668664.
2, 2083, 5501
List the prime factors of 5190277911.
3, 7, 13, 23, 263, 449
What are the prime factors of 614195957?
19, 32326103
List the prime factors of 42055961.
42055961
List the prime factors of 352598017.
352598017
What are the prime factors of 1008765486?
2, 3, 251, 223277
List the prime factors of 274946853.
3, 19, 23, 401, 523
What are the prime factors of 204179928?
2, 3, 17, 19, 26339
What are the prime factors of 180062052?
2, 3, 193, 77747
List the prime factors of 256523431.
1489, 172279
List the prime factors of 222139142.
2, 111069571
List the prime factors of 84060607.
23, 3654809
What are the prime factors of 648967617?
3, 72107513
List the prime factors of 245806716.
2, 3, 20483893
List the prime factors of 212196357.
3, 43, 439, 1249
What are the prime factors of 1915582?
2, 811, 1181
What are the prime factors of 7411030497?
3, 13, 21114047
List the prime factors of 2229157841.
887, 2513143
List the prime factors of 4321790497.
5261, 821477
List the prime factors of 258308052.
2, 3, 43, 47, 10651
What are the prime factors of 15470292?
2, 3, 37, 34843
What are the prime factors of 1343897554?
2, 31, 311, 69697
What are the prime factors of 73386249?
3, 24462083
List the prime factors of 2083645537.
2083645537
What are the prime factors of 1241314486?
2, 620657243
What are the prime factors of 115089772?
2, 7, 4110349
List the prime factors of 2448637453.
2448637453
List the prime factors of 3737981832.
2, 3, 13, 37, 323803
What are the prime factors of 189796351?
189796351
What are the prime factors of 809611059?
3, 269870353
List the prime factors of 2163489158.
2, 23, 47032373
What are the prime factors of 359700389?
173, 2079193
List the prime factors of 31106560.
2, 5, 29, 419
What are the prime factors of 2493330559?
179, 337, 41333
List the prime factors of 53642142.
2, 3, 131, 7583
What are the prime factors of 127094130?
2, 3, 5, 470719
What are the prime factors of 3924416756?
2, 13, 643, 117371
List the prime factors of 92383816.
2, 7, 235673
What are the prime factors of 291442913?
23, 12671431
What are the prime factors of 690478180?
2, 5, 7, 59, 179, 467
What are the prime factors of 14954352?
2, 3, 7, 44507
What are the prime factors of 2824511721?
3, 1171, 804017
What are the prime factors of 21866209?
21866209
List the prime factors of 27649029.
3, 9216343
What are the prime factors of 2367305906?
2, 7, 401, 409, 1031
List the prime factors of 432517397.
13, 29, 401, 2861
What are the prime factors of 544265371?
13, 181, 313, 739
What are the prime factors of 1052602501?
1052602501
List the prime factors of 1807765392.
2, 3, 179, 210401
What are the prime factors of 566661712?
2, 101, 350657
What are the prime factors of 540782563?
17, 31810739
What are the prime factors of 91986284?
2, 13, 1768967
What are the prime factors of 70020218?
2, 191, 183299
What are the prime factors of 280238492?
2, 70059623
List the prime factors of 81839530.
2, 5, 17, 481409
What are the prime factors of 70030570?
2, 5, 7003057
List the prime factors of 33421783.
23, 1063, 1367
List the prime factors of 51867010.
2, 5, 13, 398977
List the prime factors of 31673785.
5, 11, 13, 31, 1429
List the prime factors of 1228887912.
2, 3, 7, 479, 15271
List the prime factors of 749411537.
7, 15294113
What are the prime factors of 79644680?
2, 5, 1193, 1669
What are the prime factors of 566627536?
2, 61, 580561
What are the prime factors of 192445566?
2, 3, 19, 29, 58211
What are the prime factors of 15971678?
2, 7985839
What are the prime factors of 670429761?
3, 47, 83, 57287
List the prime factors of 5564298.
2, 3, 23, 61, 661
What are the prime factors of 253732103?
253732103
List the prime factors of 5846402.
2, 17, 373, 461
List the prime factors of 8613792375.
3, 5, 22970113
What are the prime factors of 1120941946?
2, 1